 17. Let h(i) = k*i**a - i - 2 - i - 36*i**2. Calculate h(-2).
-2
Let g = -287 - -280. Let j(s) = 2*s**2 - 7*s + 4. Let b(d) = 3*d**2 - 11*d + 7. Let t(w) = g*j(w) + 5*b(w). What is t(6)?
7
Let m(r) = -46*r + 26. Let j(t) = -7*t - 2 - 2 + 18*t - 2. Let i(d) = -9*j(d) - 2*m(d). Suppose 4*l + 3*k = 2, l = 2*l + 2*k + 2. What is i(l)?
-12
Let x(j) = -j**3 - 6*j**2 - 6*j - 3. Let f = -708 + 1257. Let y = f + -554. What is x(y)?
2
Let o(c) = -c**3 - 6*c**2 - 6*c - 5. Let k be o(-5). Let l(j) = 3*j + 2*j + 24 - 3*j - 6*j + 3*j. What is l(k)?
24
Let m(g) = -g**2 - 9*g - 1. Let l(f) be the first derivative of 5*f**2/2 - 87*f + 18. Let h be l(16). Calculate m(h).
13
Let k be 13*(3/2 - 2/(-4)). Let n(c) = c + 13 + 8 - k. Give n(-9).
-14
Let s(o) = 8*o**2 - 164*o + 76. Let m be (255/153)/((20/(-48))/(-5)). Determine s(m).
-4
Let z(i) = -2*i + 0*i - 2 + 3*i + 5*i**2 + i**3. Let a = 16541 + -16545. Calculate z(a).
10
Let u(j) = 0*j**2 - 1114 + 374 + 2*j**2 + 347 + 356 + 16*j. Determine u(-10).
3
Suppose -3*l = -2*l - 32. Suppose 51*q - 12 = 55*q - 124. Let f = l - q. Let y(n) = -n**2 + 4. Determine y(f).
-12
Let u = -2 - 7. Let c(t) = -3*t**2 - 18*t - 7. Let s be c(u). Let o = s + 93. Let g(l) = l**3 - 6*l**2 + 3*l + 4. Determine g(o).
-6
Let t(b) be the second derivative of 7*b**3/6 - 13*b**2 + 25*b - 8. What is t(8)?
30
Let j(f) = -f + 8. Let i(u) = u - 14. Let t be i(-10). Let y = t - -30. Let q be (y + -2)/(14/49) - 2. Give j(q).
-4
Let v(x) = -8*x - 443. Let t(l) = 59*l + 3108. Let f(p) = 6*t(p) + 43*v(p). Give f(39).
-11
Let c = 12130 + -12127. Let i(t) = -32*t + 101. What is i(c)?
5
Let c(y) = y**2 - 5*y - 76. Suppose 121 + 199 = 52*x - 148. What is c(x)?
-40
Let n be -2 - (-2)/(-3)*-12. Suppose -q = -n*q + 225. Let o = q - 43. Let i(t) = 2*t**3 - 4*t**2 + 2*t + 1. Determine i(o).
5
Let q(u) = -16520*u + 997 - 995 + 16512*u. Suppose 7 = 3*m + 2*d, 1 = 3*m + d - 1. Calculate q(m).
10
Let r(d) = -5*d - 27. Let w(s) = -8*s - 47. Let g(x) = 5*r(x) - 3*w(x). Suppose 0 = -5*j - 2*y + 17, 2*j = 6*j - 4*y - 36. What is g(j)?
1
Let j(i) = -i**2 + 2*i - 2. Suppose n - 2 = -5*b + 18, 2*b + 2*n = 0. Let x be (-9)/(-15) - (-17)/b. Suppose -5*d = -x*d - 3. What is j(d)?
-5
Let f be (-3 + (-77)/(-14))*(2 + 6). Suppose 3*t = 13*t + f. Let c(g) = 4*g**2 - 5*g**2 + 0 + 2. Determine c(t).
-2
Suppose -3*d + 61 = 5*z + 24, 4*z + d - 24 = 0. Suppose 2 = -z*a - 2*c + 10, -a + 4*c = -6. Let h(l) be the first derivative of 3*l**2 - 1. What is h(a)?
12
Let f(o) = o - 7. Let a(b) = -5. Suppose -p + 5 = -w - 0*p, 0 = 5*w + 2*p + 11. Let r(q) = w*f(q) + 4*a(q). Give r(1).
-2
Let w(b) be the first derivative of -b**3/3 - 2*b**2 + 4*b - 18. Let t be (-4 + 1)/(60/16 - 3). Calculate w(t).
4
Suppose -2*c + 14 = -o, -119*c + 118*c + 3*o = -27. Let f(n) be the first derivative of -c*n - 9 - 1/2*n**2. What is f(7)?
-10
Let j be ((-4)/8)/((-4)/(-8)) + 4. Suppose -g + 8 = -j*g. Let i(k) = -k**3 - 4*k**2 + 5*k - 2. What is i(g)?
-22
Let s be (10/(-6))/((-10)/30). Suppose -s - 1 = -6*x. Let a(y) = -8*y**2 - 1. What is a(x)?
-9
Let a = -6 - -10. Suppose -3*r + g = -31, -r - 4*g + 18 + 14 = 0. Let z be a - (1 + r/(-4)). Let w(x) = -x + 4. Calculate w(z).
-2
Let g(s) = -666*s + 1334*s - 39 - 663*s. Determine g(6).
-9
Let r(c) = -41*c + 355. Let w(l) = 102*l - 910. Let x(z) = 12*r(z) + 5*w(z). Give x(16).
-2
Suppose -476*t + 473*t = -k + 2, 2*t = 2*k. Let s(w) = 81*w**3 + w**2 - 1. Calculate s(t).
-81
Suppose r + 12 = 14. Suppose 0 = v - 4*u + 2*u - r, 3*u - 39 = -2*v. Suppose -v*j + 36 = -18*j. Let n(c) = c**2 + 6*c - 5. Give n(j).
-5
Let u(b) = b + 9. Let v(l) = 94*l + 14. Let m be v(1). Suppose -5*o - 133 = -m. Give u(o).
4
Let s(l) be the second derivative of l**5/20 - l**4/3 + 3*l**2/2 - 14*l. Let b be s(4). Let z(d) = -b*d - 1 - 5 + 5. Give z(-2).
5
Suppose -4*o = -100 - 44. Let f be (o/(-30))/(2/5). Let d(i) = -4*i + 3*i + 2 + 3*i - i. Calculate d(f).
-1
Let u(h) = h - 1. Suppose 4*d - 460 = -2*t, -d + 5*d - 448 = 4*t. Let v = 110 - d. Let n(b) = b + 1. Let x(j) = v*n(j) + 5*u(j). Calculate x(5).
-4
Let g(b) be the third derivative of -b**6/120 - 3*b**5/10 + 19*b**4/12 - 47*b**3/6 - 919*b**2. What is g(-20)?
-7
Let h(u) = u**3 - 3*u**2 + u - 1. Suppose -3*w - 12 = 0, 108*l - 106*l - 12 = w. Give h(l).
19
Suppose 32*b - 6 = 2*g + 27*b, 5*b + 3 = -g. Let a(r) = 4*r**2 + 14*r + 1. Determine a(g).
-5
Let f(y) = 1402*y - 1 - 1399*y - y**2 - 1. Suppose -3*s + 31 = 5*o, 15 = 5*s - 0*s + o. What is f(s)?
0
Suppose -10*j - 75 - 125 = 0. Let x be 2/8 + 65/j + 6. Let o(p) be the third derivative of -p**6/120 + p**5/15 - p**4/12 + p**3/2 + p**2. What is o(x)?
6
Let g(o) = o**2 + 10*o + 8. Let k = 4477 - 4482. Give g(k).
-17
Let b(g) = g**2 + 14*g + 52. Let l be (4 + -1)*670/(-402). What is b(l)?
7
Let v(j) = j**2 + 17*j + 68. Let g = -17503 + 17495. Calculate v(g).
-4
Let u be (-22)/(-66) + 44/3. Let v be 5/u + (-22)/(-6). Let m(i) = -i**3 + 5*i**2 - 5*i - 3. What is m(v)?
-7
Let h(r) = -13*r**3 - 32*r**2 + 35*r - 67. Let o(q) = 21*q**3 + 48*q**2 - 52*q + 101. Let u(i) = -8*h(i) - 5*o(i). Give u(15).
-44
Suppose -5*a = -10*a + 10. Let y(k) = 55*k. Let v(q) = -9*q. Let x(w) = 25*v(w) + 4*y(w). Let l(z) = 1. Let f(t) = 2*l(t) + x(t). Determine f(a).
-8
Suppose 5*d = 5*r + 275, -7*d + 211 = -3*d - r. Let b be (-57)/(-247) - 480/d. Let m(l) = l**2 + 8*l - 17. Calculate m(b).
-8
Let p(v) be the second derivative of 0 + 4*v**2 + 1/3*v**3 - 28*v. Let a be 68/(-10) - 2/10. Calculate p(a).
-6
Let p(h) = 4 - 574*h + 4 + 575*h. Suppose -9 = 2*r - 5*m, -r + 5*r + 3*m = -31. What is p(r)?
1
Let k(u) = -130*u - 10. Let n(g) = -73*g - 4. Let q(l) = 3*k(l) - 5*n(l). What is q(-4)?
90
Suppose -3*c + 8 = -5*w - 10, -5*c + 2*w + 30 = 0. Suppose 5*v = t - 28, 4*v + 4 = -2*t - v. Let p(o) = 27 + o**2 - t*o - 8 - 10. Give p(c).
-3
Suppose 49*z = 48*z + 5. Let a be 12/8*(z - 3). Let j(o) be the second derivative of o**5/20 - o**4/6 - o**3/2 + 2*o. Give j(a).
0
Let s = -4 + -26. Let v be 18/s - (-8)/5. Let y(p) = 240*p + 1 - 2 - 239*p + 8*p**2. Calculate y(v).
8
Let y(v) = v**3 - 3*v**2 - 5*v. Let q = -184 + 61. Let d = -88 - q. Let n be (-8)/(-72) - d/(-9). Determine y(n).
-4
Suppose 7*t = 8*t - 20. Suppose -28 = 4*d + 15*g - t*g, d + 5*g = 18. Let j(b) = b**2 + 2*b. Determine j(d).
0
Let y be 2 + (-18)/(2 + 1). Let m(o) be the third derivative of o**6/120 + o**5/20 - o**4/24 + 4*o**3/3 + 73*o**2. Determine m(y).
-4
Let w(u) = -9*u**3 + 2*u**2 + u. Suppose 4*d - 60 = 2*d + 2*o, 3*d + 5*o - 122 = 0. Suppose -m - 5*k - 26 = 0, -m + 3*k + d = 20. What is w(m)?
10
Let l(z) = -29*z**3 + 7*z**2 + 15*z + 18. Let j(m) = 23*m**3 - 6*m**2 - 12*m - 18. Let i(c) = -5*j(c) - 4*l(c). Calculate i(0).
18
Suppose -522 = -4*j - 458. Let l(o) = -o**3 + 17*o**2 - 11*o - 54. Give l(j).
26
Let g(s) be the second derivative of -s**7/840 - s**6/360 + s**5/120 + 5*s**4/12 - 5*s**3/3 - 65*s. Let q(k) be the second derivative of g(k). Calculate q(0).
10
Let j(c) be the third derivative of c**4/8 - 17*c**3/3 - 3*c**2 - 3*c - 27. Calculate j(18).
20
Let a(o) be the second derivative of -o**5/20 + 5*o**4/12 + 7*o**3/6 - 9*o**2/2 - 699*o. Suppose 4*w - f = 19, 0*w - 4*f + 44 = 4*w. Determine a(w).
-3
Let d(n) = 4*n**2 - n - 1. Suppose 12*o - 43 = 53. Let p be 45/(-63) - o/28. Give d(p).
4
Suppose -b + 42 = 5*z, 35*b + 42 = z + 38*b. Suppose 3 + 2 = 5*u. Let k(o) = 0 - 2 + o + u. What is k(z)?
5
Let z be 160/40*(-28)/(-8). Let q(f) = -f**2 + 13*f - 15. Give q(z).
-29
Suppose -2*m + 4*i + i - 16 = 0, 3*i + 16 = -2*m. Let o(f) = -f**2 - 14*f - 42. Let r be o(m). Let d(h) = 6 + r + 44*h**3 - 43*h**3 - h**2. Give d(0).
12
Suppose 3*r + 1 = -23. Suppose -9*g = 31 - 40. Let t be 9 + g - (-5 - r). Let o(a) = a**3 - 6*a**2 - 5*a - 8. Calculate o(t).
6
Let u = -6375 + 6381. Let h(g) be the first derivative of 1/3*g**3 - 21 + 2*g**2 - u*g. Calculate h(-6).
6
Let l(p) = p + 1. Suppose 3*a + 95 - 92 = 0. Let q(z) = -z**3 - 4*z**2 + 3*z + 7. Let u(y) = a*q(y) + 3*l(y). Determine u(-3).
5
Let l(i) = 3*i**3 + 6*i**2 - 2*i + 18. Let z(u) = -4*u**3 - 6*u**2 - 19. Let o(f) = -3*l(f) - 2*z(f). Calculate o(-7).
-9
Let h(k) = -k + 6. Let f(z) = z**2 + 2*z - 67. Let c be f(-10). Suppose -75 = -8*y + c. Give h(y).
-5
Let c(y) = 2*y**3 + 55*y**2 - 14*y - 9. Let t(d) = -3